 = m - 70. Suppose u - 54 = -2*p - 2*u, 110 = q*p - 5*u. What is the units digit of p?
4
Let q = -79 + 83. Suppose -q*w + 3*w + 460 = 0. What is the units digit of w?
0
Suppose 32*j + 431262 = 110*j. What is the hundreds digit of j?
5
Let u = 12020 - -4924. What is the thousands digit of u?
6
Let t(g) = -g**3 + 16*g**2 - 12*g - 32. Let m be t(15). Suppose 732 = -m*r + 19*r. What is the hundreds digit of r?
1
Suppose 0 = 4*r - 4, -5*r - 23 = 3*q - 13. What is the tens digit of ((-11835)/(-21) - (-32)/(-56)) + q?
5
Suppose -29*y + 116 = -25*y. Suppose y*f - 41580 = -f. What is the thousands digit of f?
1
Let d be (-6)/(-27) - (-2852)/207. Let g(a) = 70*a + 131. What is the tens digit of g(d)?
1
Suppose 26*g + 170 = -506. Suppose 3*u - 22 = -c, -5*c + 115 = -u - 75. Let j = g + c. What is the tens digit of j?
1
Let s(d) = 4*d**2 + 20*d + 18. Let t(f) = -7*f**2 - 40*f - 37. Let j = -69 + 72. Let x(h) = j*t(h) + 5*s(h). What is the units digit of x(-16)?
3
Let o be 0*(-1)/(-12)*4. Suppose 2*r + o*p - p - 23 = 0, -r + 14 = -3*p. Suppose 0 = -r*q + 3*q + 296. What is the units digit of q?
7
Suppose 0 = 5*n - 4*s + 16124, 2*s + 0 = 2. Let f be n/(-56) + (-3)/(-7). Let y = 98 - f. What is the units digit of y?
0
Suppose -5*t - 2*s = -1201, -t - t + 475 = -s. Suppose t*m = 235*m + 304. What is the tens digit of m?
7
Let s = 19 + 130. Suppose -s*r + 151*r = 980. What is the hundreds digit of r?
4
Let b(y) = 3*y + 10. Suppose -5*x + 10*x = -20. Let f be b(x). What is the units digit of (84/(-30))/(f/55)?
7
Let h = 12067 - 8398. What is the thousands digit of h?
3
Let u = 209 + -167. What is the tens digit of (1 - -198) + (-7)/(u/30)?
9
Let q(d) = -10*d + 19. Let z be q(6). Let o = z - -53. Suppose 5*y - 332 + o = 0. What is the tens digit of y?
6
Let z(s) = 13818*s + 3. What is the hundreds digit of z(1)?
8
Suppose -4193 + 3590 + 15919 = 4*f. What is the units digit of f?
9
Suppose 0 = 2*a - 6 - 0, 2*a = -i - 97. Let j = -103 - i. Suppose l + 34 = 2*s + 5*l, 3*s + 2*l - 43 = j. What is the units digit of s?
3
Let f be (-25)/(125/3660) + 3. Let t = 194 - f. What is the hundreds digit of t?
9
Suppose -42*q + 67564 + 154769 + 56799 = 0. What is the hundreds digit of q?
6
Let a = 424 - 564. Let g = a + 279. What is the tens digit of g?
3
Suppose -128*s + 117*s + 33 = 0. Suppose 0*w - s*w - 3*x = -5211, 5*w = 3*x + 8717. What is the units digit of w?
1
Let y(o) = 9088*o - 69. What is the hundreds digit of y(1)?
0
Suppose -18669 = -5*o + 3*s, 10 = -3*s + 8*s. Suppose 267 = -3*r + o. What is the thousands digit of r?
1
Let n(v) = -7256*v - 9898. What is the thousands digit of n(-11)?
9
Let y = -2886 + 8790. What is the thousands digit of y?
5
What is the thousands digit of (1730272/(-13))/(-2) - (-1253)/16289?
6
Let b(l) = -11*l**3 - 5*l + 5. Let y be b(2). Let i = y + 316. Suppose 5*c + q + 445 = 7*c, 0 = -c + q + i. What is the hundreds digit of c?
2
Suppose 2*r = -4*j + 18, -4*j = 5*r + 5 - 32. Suppose -m = -2*m - 5*l + 199, j*m = -2*l + 610. Suppose -2*o = -m + 16. What is the tens digit of o?
9
Let g(d) be the first derivative of -12*d**2 - d - 1. Let o be g(5). Let f = -58 - o. What is the units digit of f?
3
Let m be (-35)/21*3 - 4. What is the tens digit of (-2163)/m + 7/(-21)?
4
Let i(j) = -j**2 - 4*j - 1. Let m be i(-3). Let r = m - 34. Let h = r - -72. What is the units digit of h?
0
Let f(y) be the second derivative of y**5/20 - 13*y**4/12 + 7*y**3/2 + 3*y**2 - 7*y. Let p be f(11). What is the units digit of 17/3*(-2 - p)?
7
What is the ten thousands digit of (38/76)/((-2)/(-45732))?
1
Let f(c) = -415 + 4*c**3 + 434 + 14*c**2 - 5*c**3 + 13*c. What is the hundreds digit of f(12)?
4
Let i be (-3)/(96/(-40))*1684. Let r = -1110 + i. What is the hundreds digit of r?
9
Let t(j) be the first derivative of -j**2 + 29*j - 14. What is the tens digit of t(-6)?
4
Suppose -2*t = 5*x - 38, -2*x = 5*t - 0*x - 116. Let m(r) = -r**3 - 11*r**2 + 2*r + 26. Let u be m(-11). Suppose 0 = 2*a - t - u. What is the units digit of a?
4
Let n = 71722 - 48476. What is the units digit of n?
6
Let i = 226 + 86. Suppose 234 = 3*p - 4*a, 4*p + a + 2*a = i. Suppose -k + p + 71 = 0. What is the tens digit of k?
4
Let x(g) = -661*g - 1157. What is the hundreds digit of x(-12)?
7
Let m be (3 + -5)/((20/(-8))/5). Suppose 993 = 5*h - m*w - 2730, 0 = -2*h - 4*w + 1478. What is the hundreds digit of h?
7
Suppose 84675 = 4*u + b, -u - 4*b = 2*u - 63490. Suppose 0 = -3*t - 26*t + u. What is the hundreds digit of t?
7
Let v(t) = -2*t**3 - 13*t**2 - 4*t - 89. Let b be v(-10). Suppose -j = -1529 + b. What is the units digit of j?
8
Let r = 123181 + -54785. What is the tens digit of r?
9
Let r(t) = t**3 - 8*t**2 - 21*t + 246. What is the hundreds digit of r(27)?
5
Suppose -w = -z - 88, -4*z = -0*w - w + 352. Let a = z + 116. Suppose -29*p = -a*p - 14. What is the tens digit of p?
1
Let a(j) = 980*j**2 + 22*j + 101. What is the ten thousands digit of a(6)?
3
Let m be (-9)/(-6) + (-27)/(-18). Let o be m - (-5)/(10/4). Suppose c = o, 4*f + 5*c + 106 - 327 = 0. What is the tens digit of f?
4
Let j(w) = 30*w - 198. Let t = 725 + -700. What is the hundreds digit of j(t)?
5
Suppose 13*h + 127 + 42 = 0. Let x(c) = c**3 + 13*c**2 - 13*c - 26. What is the tens digit of x(h)?
4
Suppose o + 214 = 3060. Let n = -1872 + o. What is the tens digit of n?
7
Suppose 29 = 5*f + 224. Let t = f + 39. Suppose t = 3*a + a - 256. What is the tens digit of a?
6
Suppose -3*s - 4*p + 34 = 0, -2*s - p = p - 26. Suppose -b + s = 2*r, b = 2*r - 3 + 1. What is the units digit of 6/b + -626*6/(-48)?
9
Let g(r) be the second derivative of 19*r**4/12 + 11*r**3/6 - 11*r**2/2 + 9*r. What is the units digit of g(-10)?
9
Let z = 198 - 297. What is the units digit of ((-979)/z*-6)/(2/(-3))?
9
Suppose -37146 = -n - 4*v, n - 26549 = 2*v + 10549. What is the units digit of n?
4
Let c = 306 - 335. Let u = 722 - c. What is the hundreds digit of u?
7
Let v = 15383 - 3154. What is the tens digit of v?
2
Suppose 49*m + 4019 = 4*n + 50*m, m = -5. What is the thousands digit of n?
1
Let q(a) = 7*a + 76. Let v be q(20). Let f = 829 - v. What is the units digit of f?
3
Let x(g) = 11*g + 15. Let v be x(-1). Suppose v*p + 2*j - 152 = 0, -j = 2*p + p - 114. What is the tens digit of p?
3
Let p be -5 + (-1)/(6/(-60)) + 772. Suppose -1659 = p*v - 780*v. What is the hundreds digit of v?
5
Suppose -5*t = -2*s + 385 + 1375, -3*t = 0. Let i = 157 + -77. Suppose -5*u + s = -i. What is the tens digit of u?
9
Let g(z) = -33*z**2 - 21*z - 38. Let r be g(-14). What is the units digit of r/(-32) + -5 + (-39)/(-8)?
4
Let v = -437 + 77. Let k be (72/(-15))/(-2 + (-717)/v). Suppose -12*y = -9*y - k. What is the hundreds digit of y?
1
Let f be 3/(2/11*(-4)/(-56)). Let w = 471 - f. What is the hundreds digit of w?
2
Let t be -2*(13 - 15 - 6/(-4)). Let n = t + 6. Suppose n*z - 10*z + 33 = 0. What is the tens digit of z?
1
What is the tens digit of (-4382)/(-8) + (-115)/(-460)?
4
Let b(u) = -u**2 - 25*u - 138. Let q be b(-17). What is the units digit of q*(-1)/(-6) - 47728/(-48)?
4
Suppose -2*h - 1 = 2*r - 7, 0 = -3*r - 6*h. What is the units digit of r?
6
Let p(w) = 377*w**2 - 16*w + 99. What is the units digit of p(6)?
5
Let c be 23 + (-5 - -3) + 3. Let n = c + -15. Suppose 6*d + 57 = n*d. What is the units digit of d?
9
Let g(h) = -17*h**2 - 1244*h - 165. What is the ten thousands digit of g(-51)?
1
Let k = -4 + 6. Let a be 24/4 - (k + 1). Suppose -5*s + 4*t = -290, 4*t = -s - a*s + 232. What is the units digit of s?
8
Let a(c) = c**2 - 6*c + 12. Let g be a(5). Suppose -5*n - 2164 = -3*x, -6*n + 1438 = 2*x - g*n. What is the hundreds digit of x?
7
Let q(s) = 3*s**3 + s**2 - 4*s + 63. Let t = -799 + 805. What is the tens digit of q(t)?
2
Suppose -770 = -12*l - 2*l. Suppose 0 = c - l + 29. What is the units digit of c?
6
Suppose -340*v + 17051404 = -53115 - 1231001. What is the tens digit of v?
2
Suppose -57*a + 8*f = -52*a - 46743, -2*a - f + 18672 = 0. What is the thousands digit of a?
9
Let k(w) = -w**3 - 6*w**2 - w. Let l be k(-4). Let r = -22 - l. Suppose r*m = -61 + 391. What is the units digit of m?
5
Let f be (-2 - 0)*(12/(-3) - -3). Let s be 46 - ((f - 1) + -4). Let t = s - 28. What is the tens digit of t?
2
Let o(w) = -5*w - 23. Let z be o(-5). Suppos